ue
Is 496 a factor of 3884176?
True
Does 30 divide 32040?
True
Does 40 divide 124040?
True
Is 148680 a multiple of 45?
True
Does 15 divide 45020?
False
Is 3075358 a multiple of 28?
False
Is 163 a factor of 4233110?
True
Is 2971997 a multiple of 49?
True
Does 49 divide 338468?
False
Does 7 divide 114646?
True
Is 156 a factor of 81032?
False
Is 44 a factor of 3703357?
False
Is 1819 a factor of 12312811?
True
Is 342 a factor of 569772?
True
Is 179834 a multiple of 140?
False
Is 261687 a multiple of 256?
False
Is 776 a factor of 8837030?
False
Is 107 a factor of 75028?
False
Is 13 a factor of 820034?
False
Is 21422140 a multiple of 1361?
True
Is 30 a factor of 873450?
True
Is 122461 a multiple of 140?
False
Is 20 a factor of 1239180?
True
Is 814832 a multiple of 4?
True
Is 502 a factor of 1257376?
False
Is 95 a factor of 52630?
True
Is 35 a factor of 19963206?
False
Is 357120 a multiple of 288?
True
Does 30 divide 2729250?
True
Is 96052 a multiple of 6?
False
Does 13 divide 1773824?
True
Is 141994 a multiple of 249?
False
Does 68 divide 906090?
False
Does 611 divide 132545?
False
Does 3 divide 64750?
False
Is 18 a factor of 4261871?
False
Is 11880500 a multiple of 125?
True
Is 985304 a multiple of 29?
True
Is 101 a factor of 517928?
True
Is 367 a factor of 191941?
True
Is 11162490 a multiple of 47?
False
Is 817236 a multiple of 18?
True
Is 9 a factor of 464517?
True
Does 199 divide 9552?
True
Does 12 divide 346908?
True
Does 200 divide 198800?
True
Does 25 divide 32184?
False
Does 15 divide 19399?
False
Does 32 divide 19104?
True
Is 22 a factor of 177804?
True
Is 1088 a factor of 6027755?
False
Is 75 a factor of 313650?
True
Does 77 divide 33264?
True
Does 375 divide 15750?
True
Is 1092437 a multiple of 179?
True
Is 283 a factor of 101031?
True
Is 37 a factor of 1689753?
True
Is 62 a factor of 279092?
False
Does 18 divide 3031555?
False
Is 134 a factor of 838706?
True
Is 118440 a multiple of 40?
True
Does 41 divide 173512?
True
Is 337 a factor of 576944?
True
Does 12 divide 342921?
False
Is 110260 a multiple of 5?
True
Does 6 divide 5967870?
True
Does 800 divide 2620800?
True
Does 34 divide 69567?
False
Is 185 a factor of 523697?
False
Is 549 a factor of 452925?
True
Is 4622400 a multiple of 20?
True
Does 1181 divide 7870421?
False
Is 8 a factor of 343024?
True
Is 446624 a multiple of 16?
True
Is 13900456 a multiple of 60?
False
Is 10 a factor of 6396152?
False
Is 19 a factor of 85329?
True
Is 90 a factor of 191070?
True
Is 3475932 a multiple of 564?
True
Does 5 divide 10041?
False
Does 7 divide 212493?
False
Is 556 a factor of 94178?
False
Does 97 divide 34144?
True
Does 121 divide 241064?
False
Is 7607322 a multiple of 194?
True
Is 46 a factor of 607936?
True
Does 59 divide 19405386?
False
Is 74 a factor of 3611746?
False
Is 337044 a multiple of 2?
True
Does 5 divide 11904?
False
Does 15 divide 4687779?
False
Is 16 a factor of 20192?
True
Is 98 a factor of 218736?
True
Is 69417 a multiple of 9?
True
Is 1276656 a multiple of 4?
True
Is 10 a factor of 2815210?
True
Is 108877 a multiple of 4?
False
Is 29 a factor of 177915?
True
Is 49 a factor of 746309?
False
Is 13 a factor of 217854?
True
Is 49 a factor of 1399555?
False
Is 12 a factor of 237576?
True
Does 248 divide 2870373?
False
Is 744560 a multiple of 954?
False
Does 869 divide 7253979?
False
Is 62 a factor of 177476?
False
Does 22 divide 1016906?
True
Does 7 divide 19558?
True
Does 248 divide 1647711?
False
Is 89 a factor of 456458?
False
Is 430211 a multiple of 266?
False
Does 16 divide 80816?
True
Is 99213 a multiple of 2?
False
Does 185 divide 359825?
True
Is 14510 a multiple of 263?
False
Does 9 divide 2169455?
False
Does 73 divide 1126543?
False
Does 8 divide 257064?
True
Is 171972 a multiple of 14?
False
Is 13 a factor of 2050282?
True
Is 18 a factor of 2063508?
False
Does 41 divide 683880?
True
Is 133427 a multiple of 146?
False
Is 165120 a multiple of 6?
True
Does 11 divide 272063?
True
Is 141 a factor of 1435131?
False
Is 201 a factor of 1085802?
True
Does 112 divide 26365?
False
Is 525745 a multiple of 55?
True
Is 14511 a multiple of 62?
False
Is 44 a factor of 1058512?
False
Is 3096341 a multiple of 4?
False
Does 78 divide 228774?
True
Is 12 a factor of 1192?
False
Is 10 a factor of 33655?
False
Is 65224 a multiple of 386?
False
Is 4 a factor of 721?
False
Is 42 a factor of 6219276?
True
Does 92 divide 193742?
False
Does 449 divide 4911611?
True
Is 312488 a multiple of 17?
False
Is 4 a factor of 2432761?
False
Is 384 a factor of 4968960?
True
Is 31245 a multiple of 160?
False
Is 35184 a multiple of 6?
True
Is 97 a factor of 229696?
True
Does 531 divide 5960404?
False
Is 1321350 a multiple of 69?
True
Is 20 a factor of 1652340?
True
Does 271 divide 2987504?
True
Is 47784 a multiple of 88?
True
Is 508660 a multiple of 11?
False
Does 4 divide 1022372?
True
Does 8 divide 253456?
True
Is 91 a factor of 393484?
True
Is 13288972 a multiple of 296?
False
Does 16 divide 1915632?
True
Does 5 divide 793830?
True
Does 41 divide 182810?
False
Is 1541150 a multiple of 50?
True
Is 128937 even?
False
Is 4 a factor of 181960?
True
Does 85 divide 1368160?
True
Is 374 a factor of 307802?
True
Is 4 a factor of 847150?
False
Is 364567 a multiple of 155?
False
Is 28 a factor of 1514100?
True
Is 66820 even?
True
Is 12 a factor of 33991?
False
Is 397 a factor of 7410005?
True
Is 305110 a multiple of 35?
False
Is 12 a factor of 362531?
False
Does 13 divide 8954220?
False
Is 1140375 a multiple of 2?
False
Does 795 divide 11502060?
True
Is 52461 a multiple of 27?
True
Is 8 a factor of 103640?
True
Does 107 divide 1325944?
True
Is 63 a factor of 472168?
False
Does 10 divide 49700?
True
Is 19 a factor of 854115?
False
Is 1534360 a multiple of 20?
True
Does 92 divide 571462?
False
Is 4666354 a multiple of 11?
True
Is 145160 a multiple of 21?
False
Is 139 a factor of 8398519?
True
Is 30652 a multiple of 158?
True
Is 365280 a multiple of 80?
True
Is 5 a factor of 1553055?
True
Is 81 a factor of 2224852?
False
Is 28 a factor of 1413272?
True
Is 24 a factor of 19776?
True
Is 148 a factor of 313612?
True
Does 38 divide 106666?
True
Is 11083204 a multiple of 11?
True
Does 286 divide 436150?
True
Is 46 a factor of 510423?
False
Does 20 divide 1029993?
False
Is 969585 a multiple of 13?
False
Is 372 a factor of 2777822?
False
Does 796 divide 10958039?
False
Does 117 divide 75675?
False
Does 45 divide 15006?
False
Is 86878 a multiple of 242?
True
Is 1665952 a multiple of 16?
True
Is 470 a factor of 1243660?
False
Does 238 divide 310866?
False
Is 284 a factor of 3757320?
True
Is 262271 a multiple of 376?
False
Is 5 a factor of 286855?
True
Is 38 a factor of 102029?
False
Is 743132 a multiple of 26?
True
Does 11 divide 155135?
False
Is 11 a factor of 1575068?
True
Does 37 divide 191120?
False
Is 21 a factor of 2729860?
False
Is 2638070 a multiple of 42?
False
Is 178 a factor of 12190706?
False
Is 21 a factor of 436905?
True
Does 48 divide 2343940?
False
Is 65011 a multiple of 2?
False
Is 37675 a multiple of 25?
True
Is 29 a factor of 87718?
False
Does 75 divide 1177702?
False
Is 98 a factor of 244314?
True
Does 32 divide 18752?
True
Is 4 a factor of 1198076?
True
Does 294 divide 204905?
False
Is 324 a factor of 82748?
False
Does 7 divide 1127014?
True
Is 13 a factor of 14404?
True
Does 62 divide 10786760?
True
Is 52500 a multiple of 84?
True
Is 9243 a multiple of 29?
False
Is 283960 a multiple of 229?
True
Is 181440 a multiple of 42?
True
Does 469 divide 5941393?
False
Does 22 divide 2279948?
True
Is 108 a factor of 806004?
True
Is 101303 a multiple of 17?
True
Is 75 a factor of 246600?
True
Is 15 a factor of 4986060?
True
Is 55 a factor of 369325?
True
Does 13 divide 80579?
False
Is 2312 a factor of 11823568?
True
Does 254 divide 1986160?
False
Is 4168168 a multiple of 12?
False
Does 10 divide 3110235?
False
Is 17 a factor of 370749?
False
Does 282 divide 83254?
False
Is 3390632 a multiple of 382?
True
Does 29 divide 486504?
True
Does 15 divide 994070?
False
Is 467 a factor of 265516?
False
Does 4 divide 284526?
False
Is 12364 a multiple of 11?
True
Does 24 divide 1194074?
False
Is 257176 a multiple of 62?
True
Does 10 divide 36749?
False
Is 11297404 a multiple of 12?
False
Does 8 divide 43101?
False
Is 1586824 a mu